 12/(-9)*-3 + 1. What are the prime factors of u(f)?
2
Suppose 2*u + 2*u = 144. List the prime factors of u.
2, 3
Let c = 26 + -47. Let d = -13 - c. List the prime factors of d.
2
Suppose 0 = 2*w + i - 4 + 15, 2*i = -2*w - 10. List the prime factors of -4 + (-2 - w) + 6.
2, 3
Suppose 3*v + 3*o - 85 - 20 = 0, -v + 3*o + 19 = 0. What are the prime factors of v?
31
Let l = -1 - -1. Let r be (l/(-1))/1*1. Suppose r = -z - 5*h + 23, 4*z + 3 = -h + 38. What are the prime factors of z?
2
Let a = 125 - 70. What are the prime factors of a?
5, 11
Let l = 12 + 22. What are the prime factors of l?
2, 17
Let q(o) = 17*o - 5. What are the prime factors of q(4)?
3, 7
Let q(i) = i**2 + i + 1. Let s be q(3). Let b be (12 - -1)*(-3 + 4). Suppose -4*z = -v - 34, 4*v - b - s = -2*z. List the prime factors of z.
3
Suppose -13 = -5*y - 2*g, 4*g - 3 - 2 = -3*y. Let a be ((-10)/8)/(y/(-12)). Suppose -a*w - 58 = -3*x, -4*x + 54 = -w - w. List the prime factors of x.
11
Let n = -109 - -162. Suppose 1 = -y, -4*w + 9*y + n = 4*y. Suppose w = z - 4. List the prime factors of z.
2
Suppose 2*a + 2*q = 8, 3*q - 1 = -4. Suppose -2*z - 5*w = -0*w - 33, -a*z + 40 = 4*w. Let l = 5 + z. What are the prime factors of l?
3
Suppose 0 = -0*u - u + 3. Let n = 7 - u. List the prime factors of n.
2
Suppose 5 = 5*i - 0. Suppose 4*p - 42 = 2*u, -3*u - 2*u - i = -2*p. List the prime factors of p.
13
Let w(v) = 3*v**3 - 2*v**2 - v + 1. Let y(f) be the third derivative of f**4/24 - f**3/3 + f**2. Let u be y(4). What are the prime factors of w(u)?
3, 5
Suppose 5*n + 20 = 260. List the prime factors of n.
2, 3
Let m be (2 + -2 + 0)/(-1). Suppose m = -7*w + 3*w + 8. Suppose 2*b = 4*v - 50, -w*v + 2*b - 20 = -5*v. List the prime factors of v.
2, 5
Suppose -4*r + 202 = 3*l, -146 = -5*r + 2*r - 5*l. What are the prime factors of r?
2, 13
Suppose -3*t - 4*x = -364 - 267, -4*t + 4*x = -832. Let q = -149 + t. Suppose -3*l = 2*l - q. What are the prime factors of l?
2, 3
Let g(q) = q - 6. Let y be g(3). List the prime factors of (2*-2 + y)/(-1).
7
Suppose 3*h - 137 = 232. Suppose -5*q + 7 = -h. What are the prime factors of q?
2, 13
Let r = 45 + -3. What are the prime factors of r?
2, 3, 7
What are the prime factors of 148 - 6 - (0 - -1)?
3, 47
Let j = 4 - -1. Suppose 0 = -0*b + j*b - 75. List the prime factors of b.
3, 5
Let w be (-7 - -4)/((-6)/8). Let n(c) = -c**3 + 4*c**2 + 4*c - 6. What are the prime factors of n(w)?
2, 5
Let u(x) = -x**3 + 7*x**2 + 10*x + 9. Let y be u(8). Suppose -5*d - 3*s + y = -5*s, -5*d = 2*s - 5. List the prime factors of d.
3
List the prime factors of -2*(127 - 4)/(3/(-2)).
2, 41
List the prime factors of -2*19/(-6)*(1 + 5).
2, 19
Suppose -8*p + 0*p = -496. What are the prime factors of p?
2, 31
Suppose 0*x - 2*x + 158 = 0. What are the prime factors of x?
79
Let q(c) be the third derivative of 4*c**2 - 1/60*c**5 - c**3 + 0 + 3/8*c**4 + 0*c. What are the prime factors of q(7)?
2
Suppose 188 = -0*s + 2*s - 4*b, 0 = 5*b. List the prime factors of s.
2, 47
Suppose 3*r - 927 = -2*r - 3*y, 5*r - 5*y = 935. What are the prime factors of r?
2, 3, 31
Suppose 6 = 3*i - 2*w + 2, -2 = i - 4*w. Let m = -7 + 12. Suppose k = -i*k - 15, 4*o - 11 = -m*k. What are the prime factors of o?
3
Let f(i) = -i**3 - 8*i**2 + 10*i + 12. Suppose -7 = 2*k + 11. Let m be f(k). Suppose -20 + 2 = -m*d. What are the prime factors of d?
2, 3
Let f(n) = -3*n**3 - n**2 + n + 1. Let w be f(-1). Suppose w*a - 36 = -a. List the prime factors of a.
2, 3
Let i(a) = 19*a - 3. What are the prime factors of i(2)?
5, 7
What are the prime factors of 4/(-14) - (-90)/21?
2
Let x = 57 + -26. What are the prime factors of x?
31
Let u = 8 + 1. What are the prime factors of u?
3
What are the prime factors of 61 - (-3)/((4 - 1)/3)?
2
Suppose -2*d + 15 - 9 = 0. Let w(q) = 24*q. Let h be w(1). Suppose h = 5*v - d*y - 14, -y = 1. List the prime factors of v.
7
Let u be -2*((-38)/4 + 1). Let g(w) = -w + 4. Let x be g(2). Let k = u - x. What are the prime factors of k?
3, 5
Let a(r) = -12*r**3. Let t be a(-1). Let j(k) = k**3 - 11*k**2 - 10*k + 2. List the prime factors of j(t).
2, 13
Let x be 4 - 3 - -1*1. Suppose x*s = 4 + 2. List the prime factors of s.
3
Suppose -1265 = -4*c - c. List the prime factors of c.
11, 23
Let y(k) = k**2 - k + 2. Let p be y(5). Let q = p + -4. What are the prime factors of q?
2, 3
Let x(k) = -k**2 - 7*k + 7. Suppose -i - 2*i = 4*b + 41, -4*b - 20 = 0. Let g be x(i). Let s = 20 - g. What are the prime factors of s?
13
Suppose -3*o = 4*f - 208, 0*o + 286 = 4*o + f. Suppose -7*b + 5*b + o = 0. What are the prime factors of b?
2, 3
Suppose -3*b = -5*i - 12, 3*b - 2*i = -3*i + 12. Suppose 4*d - 13 = 5*p - 6, b*d - 22 = 2*p. What are the prime factors of d?
2
Let m = 35 + -20. Suppose 3*t + 50 = 5*t. Suppose u - t - m = -3*k, -k - 5*u = 10. List the prime factors of k.
3, 5
Let i = -6 + 1. Let o be (8/(-6))/(i/(-15)). Let y = o - -6. What are the prime factors of y?
2
Let i = -12 + -15. Let w = i - -15. What are the prime factors of (1 - w) + 3 + -3?
13
What are the prime factors of 1/1 - (-1190)/5?
239
Let n = -66 - -109. Let g = 81 - n. Suppose -g = -3*l - 5. List the prime factors of l.
11
Let u(w) = 2*w**2 + 6*w**3 + 1 - 4*w**3 - 3*w**3 + 2*w. Let r be u(-1). Let l(g) = g + 2. List the prime factors of l(r).
2
List the prime factors of ((-378)/4)/(12/(-16)) + -2.
2, 31
Let x = 32 - 10. Suppose -2*h = m + 3*m - 44, 0 = m - 5*h - x. What are the prime factors of m?
2, 3
Let q = 2 + -2. Let x = q + 6. List the prime factors of x.
2, 3
Let k(d) = 3*d**2 + 5*d + 8. Suppose -5*x - 14 = -2*a - a, 4*a = 3*x + 4. List the prime factors of k(x).
2, 3
Suppose -232 = -8*r + 4*r. What are the prime factors of r?
2, 29
Let q be (36/10)/((-4)/(-30)). Suppose -2*a = -3*s + 28, -22 = -5*s + a + q. What are the prime factors of s?
2, 5
Let n(q) = q**2 - 4*q + 2. Let d = 10 + -4. List the prime factors of n(d).
2, 7
Suppose 3*r + 148 = 4*r - 4*t, 3*t - 113 = -r. List the prime factors of r.
2
Let h = -177 - -268. List the prime factors of h.
7, 13
Let d be (-5)/(20/8) + 2. Suppose 2*g = -2*g + x + 79, 5*g + 4*x - 125 = d. List the prime factors of g.
3, 7
Let d(n) = -n + 8. Let a be d(4). Suppose 4*i + 26 = -v, -i = a*v - 0*i + 29. What are the prime factors of 52/6 - v/(-9)?
2
Let j(f) = 2*f**2 + 3. Let l be j(0). Suppose -4*o + 0*y = -l*y - 95, -3*o - 3*y + 45 = 0. What are the prime factors of o?
2, 5
Suppose -2*q - 4 = 6, 0 = 2*b - 4*q + 268. Let d be (b/(-10))/(2/10). Suppose 2*k = m + 36, 2*k - 6*k = -m - d. List the prime factors of k.
2, 3
Let a = 204 - 25. Suppose 5*d = a + 81. Suppose w - 13 = -r, -6*r + 2*r + d = w. What are the prime factors of r?
13
Let q be (-4)/(-6) - 1372/6. Let x be (4/6)/((-8)/q). Suppose 7*r - 8*r + x = 0. List the prime factors of r.
19
Suppose t = n + 2, 3*t + 2*t - 10 = 0. Let b = 14 - n. Suppose b = 5*y - 71. List the prime factors of y.
17
Let t be -30*(10/(-3) - 0). Suppose y - t = 6*y. Let z = -12 - y. List the prime factors of z.
2
Let d(z) = z**2 + 6*z + 3. Let o be d(-5). List the prime factors of (o/(-3))/(4/222).
37
Let v = -105 + 177. What are the prime factors of v?
2, 3
Suppose 20 = 3*i + 8. Let h(q) = 10*q - 8. List the prime factors of h(i).
2
Let j = 33 - 11. What are the prime factors of -1 + (j + -2 - 3)?
2
Let c(k) = 5*k**2 + 6*k - 7. What are the prime factors of c(-5)?
2, 11
List the prime factors of (417 - -3) + 1 + -2.
419
Suppose -3*y - 2 = -4*y - t, 0 = -2*y + 3*t + 19. Suppose 5*l + y*f - 40 = 0, 4*l - 5*f = -0*l + 32. What are the prime factors of l?
2
Let h(d) = -d - 15 + 13 - 8*d. What are the prime factors of h(-3)?
5
Let z be ((-6)/2)/(3/21). List the prime factors of -9 + 6 - z/1.
2, 3
Let x(q) = q - 2. Let t be x(2). Let a(o) = -o**3 + o**2 - o + 17. List the prime factors of a(t).
17
Let n(w) = w - 6. Let a be n(6). Suppose a = -5*x - o + 93, 4*x + o + o = 78. List the prime factors of x.
2, 3
Suppose 4 = -2*b + 3*b. Suppose -1 + b = -d. List the prime factors of (-3)/(-2*d/(-14)).
7
Let f(z) = -15*z**3 - 3*z**2 - z. What are the prime factors of f(-1)?
13
Suppose 3*q = 5*s + 19, -4*q - 6*s = -3*s - 64. Let r(o) = -o**3 + 13*o**2 + 5. List the prime factors of r(q).
5
Let c(j) = j**2 - 10*j + 12. Let a be c(9). Suppose -a = 2*o - 7. Suppose 2